{"id":35741,"date":"2023-12-03T06:00:56","date_gmt":"2023-12-03T06:00:56","guid":{"rendered":"https:\/\/portalnetsites.com\/bmwEcommerceWP\/Portalnet_shop\/?post_type=product&#038;p=35741"},"modified":"2024-02-27T18:10:12","modified_gmt":"2024-02-28T00:10:12","slug":"linterna-led-recargable-original-mini","status":"publish","type":"product","link":"https:\/\/portalnetsites.com\/bmwEcommerceWP\/carrito\/redmotors\/accesorios-redmotors\/linterna-led-recargable-original-mini\/","title":{"rendered":"LINTERNA LED RECARGABLE ORIGINAL MINI"},"content":{"rendered":"<p><span data-sheets-root=\"1\" data-sheets-value=\"{&quot;1&quot;:2,&quot;2&quot;:&quot;Fuente de luz: LED de alto rendimiento\\n Bater\u00eda: Bater\u00eda recargable de fosfato de hierro y litio. Recargable mediante enchufes de a bordo de 12 V.\\n Durante el proceso de carga, detr\u00e1s del cristal se enciende un peque\u00f1o LED azul. Cuando la bater\u00eda est\u00e1 completamente cargada, este LED se apaga.\\n Vida \u00fatil: 3000 ciclos de carga\\n Brillo: m\u00e1s de 80 l\u00famenes\\n Bajo consumo de energ\u00eda: la l\u00e1mpara se enciende con el brillo m\u00e1ximo durante al menos 30 minutos&quot;}\" data-sheets-userformat=\"{&quot;2&quot;:15233,&quot;3&quot;:{&quot;1&quot;:0},&quot;10&quot;:2,&quot;11&quot;:0,&quot;12&quot;:0,&quot;14&quot;:{&quot;1&quot;:2,&quot;2&quot;:0},&quot;15&quot;:&quot;Calibri, sans-serif&quot;,&quot;16&quot;:11}\">Fuente de luz: LED de alto rendimiento<br \/>\nBater\u00eda: Bater\u00eda recargable de fosfato de hierro y litio. Recargable mediante enchufes de a bordo de 12 V.<br \/>\nDurante el proceso de carga, detr\u00e1s del cristal se enciende un peque\u00f1o LED azul. Cuando la bater\u00eda est\u00e1 completamente cargada, este LED se apaga.<br \/>\nVida \u00fatil: 3000 ciclos de carga<br \/>\nBrillo: m\u00e1s de 80 l\u00famenes<br \/>\nBajo consumo de energ\u00eda: la l\u00e1mpara se enciende con el brillo m\u00e1ximo durante al menos 30 minutos<\/span><\/p>\n","protected":false},"excerpt":{"rendered":"<p><strong>Este \u00e1rticulo esta disponible solamente por encargo, por favor solicitar informaci\u00f3n en el icono de WhatsApp de la derecha.<\/strong><\/p>\n","protected":false},"featured_media":35743,"comment_status":"open","ping_status":"closed","template":"","meta":[],"product_brand":[],"product_cat":[524,507,513,511,495],"product_tag":[554,739],"class_list":{"0":"post-35741","1":"product","2":"type-product","3":"status-publish","4":"has-post-thumbnail","6":"product_cat-accesorios","7":"product_cat-accesorios-redmotors","8":"product_cat-accesorios-mini","9":"product_cat-mini","10":"product_cat-redmotors","11":"product_tag-seguridad","12":"product_tag-seguridad-mini","14":"first","15":"instock","16":"taxable","17":"shipping-taxable","18":"product-type-simple"},"yoast_head":"<!-- This site is optimized with the Yoast SEO Premium plugin v22.9 (Yoast SEO v23.3) - https:\/\/yoast.com\/wordpress\/plugins\/seo\/ -->\n<title>LINTERNA LED RECARGABLE ORIGINAL MINI - Red Motors Shop<\/title>\n<meta name=\"robots\" content=\"index, follow, max-snippet:-1, max-image-preview:large, max-video-preview:-1\" \/>\n<link rel=\"canonical\" href=\"https:\/\/portalnetsites.com\/bmwEcommerceWP\/carrito\/mini\/accesorios-mini\/linterna-led-recargable-original-mini\/\" \/>\n<meta property=\"og:locale\" content=\"es_ES\" \/>\n<meta property=\"og:type\" content=\"article\" \/>\n<meta property=\"og:title\" content=\"LINTERNA LED RECARGABLE ORIGINAL MINI\" \/>\n<meta property=\"og:description\" content=\"Este \u00e1rticulo esta disponible solamente por encargo, por favor solicitar informaci\u00f3n en el icono de WhatsApp de la derecha.\" \/>\n<meta property=\"og:url\" content=\"https:\/\/portalnetsites.com\/bmwEcommerceWP\/carrito\/mini\/accesorios-mini\/linterna-led-recargable-original-mini\/\" \/>\n<meta property=\"og:site_name\" content=\"Red Motors Shop\" \/>\n<meta property=\"article:modified_time\" content=\"2024-02-28T00:10:12+00:00\" \/>\n<meta property=\"og:image\" content=\"https:\/\/portalnetsites.com\/bmwEcommerceWP\/wp-content\/uploads\/2023\/12\/Linterna-LED-Recargable-Original-Mini.png\" \/>\n\t<meta property=\"og:image:width\" content=\"600\" \/>\n\t<meta property=\"og:image:height\" content=\"600\" \/>\n\t<meta property=\"og:image:type\" content=\"image\/png\" \/>\n<meta name=\"twitter:card\" content=\"summary_large_image\" \/>\n<script type=\"application\/ld+json\" class=\"yoast-schema-graph\">{\"@context\":\"https:\/\/schema.org\",\"@graph\":[{\"@type\":\"WebPage\",\"@id\":\"https:\/\/portalnetsites.com\/bmwEcommerceWP\/carrito\/mini\/accesorios-mini\/linterna-led-recargable-original-mini\/\",\"url\":\"https:\/\/portalnetsites.com\/bmwEcommerceWP\/carrito\/mini\/accesorios-mini\/linterna-led-recargable-original-mini\/\",\"name\":\"LINTERNA LED RECARGABLE ORIGINAL MINI - Red Motors Shop\",\"isPartOf\":{\"@id\":\"https:\/\/portalnetsites.com\/bmwEcommerceWP\/#website\"},\"primaryImageOfPage\":{\"@id\":\"https:\/\/portalnetsites.com\/bmwEcommerceWP\/carrito\/mini\/accesorios-mini\/linterna-led-recargable-original-mini\/#primaryimage\"},\"image\":{\"@id\":\"https:\/\/portalnetsites.com\/bmwEcommerceWP\/carrito\/mini\/accesorios-mini\/linterna-led-recargable-original-mini\/#primaryimage\"},\"thumbnailUrl\":\"https:\/\/portalnetsites.com\/bmwEcommerceWP\/wp-content\/uploads\/2023\/12\/Linterna-LED-Recargable-Original-Mini.png\",\"datePublished\":\"2023-12-03T06:00:56+00:00\",\"dateModified\":\"2024-02-28T00:10:12+00:00\",\"breadcrumb\":{\"@id\":\"https:\/\/portalnetsites.com\/bmwEcommerceWP\/carrito\/mini\/accesorios-mini\/linterna-led-recargable-original-mini\/#breadcrumb\"},\"inLanguage\":\"es-CR\",\"potentialAction\":[{\"@type\":\"ReadAction\",\"target\":[\"https:\/\/portalnetsites.com\/bmwEcommerceWP\/carrito\/mini\/accesorios-mini\/linterna-led-recargable-original-mini\/\"]}]},{\"@type\":\"ImageObject\",\"inLanguage\":\"es-CR\",\"@id\":\"https:\/\/portalnetsites.com\/bmwEcommerceWP\/carrito\/mini\/accesorios-mini\/linterna-led-recargable-original-mini\/#primaryimage\",\"url\":\"https:\/\/portalnetsites.com\/bmwEcommerceWP\/wp-content\/uploads\/2023\/12\/Linterna-LED-Recargable-Original-Mini.png\",\"contentUrl\":\"https:\/\/portalnetsites.com\/bmwEcommerceWP\/wp-content\/uploads\/2023\/12\/Linterna-LED-Recargable-Original-Mini.png\",\"width\":600,\"height\":600,\"caption\":\"Linterna-LED-Recargable-Original-Mini\"},{\"@type\":\"BreadcrumbList\",\"@id\":\"https:\/\/portalnetsites.com\/bmwEcommerceWP\/carrito\/mini\/accesorios-mini\/linterna-led-recargable-original-mini\/#breadcrumb\",\"itemListElement\":[{\"@type\":\"ListItem\",\"position\":1,\"name\":\"Portada\",\"item\":\"https:\/\/portalnetsites.com\/bmwEcommerceWP\/\"},{\"@type\":\"ListItem\",\"position\":2,\"name\":\"Todos los Productos\",\"item\":\"https:\/\/portalnetsites.com\/bmwEcommerceWP\/todos-los-productos\/\"},{\"@type\":\"ListItem\",\"position\":3,\"name\":\"LINTERNA LED RECARGABLE ORIGINAL MINI\"}]},{\"@type\":\"WebSite\",\"@id\":\"https:\/\/portalnetsites.com\/bmwEcommerceWP\/#website\",\"url\":\"https:\/\/portalnetsites.com\/bmwEcommerceWP\/\",\"name\":\"Shop Red Motors\",\"description\":\"Costa Rica\",\"publisher\":{\"@id\":\"https:\/\/portalnetsites.com\/bmwEcommerceWP\/#organization\"},\"potentialAction\":[{\"@type\":\"SearchAction\",\"target\":{\"@type\":\"EntryPoint\",\"urlTemplate\":\"https:\/\/portalnetsites.com\/bmwEcommerceWP\/?s={search_term_string}\"},\"query-input\":\"required name=search_term_string\"}],\"inLanguage\":\"es-CR\"},{\"@type\":\"Organization\",\"@id\":\"https:\/\/portalnetsites.com\/bmwEcommerceWP\/#organization\",\"name\":\"Red Motors\",\"url\":\"https:\/\/portalnetsites.com\/bmwEcommerceWP\/\",\"logo\":{\"@type\":\"ImageObject\",\"inLanguage\":\"es-CR\",\"@id\":\"https:\/\/portalnetsites.com\/bmwEcommerceWP\/#\/schema\/logo\/image\/\",\"url\":\"https:\/\/portalnetsites.com\/bmwEcommerceWP\/wp-content\/uploads\/2023\/09\/L-RedMotors.png\",\"contentUrl\":\"https:\/\/portalnetsites.com\/bmwEcommerceWP\/wp-content\/uploads\/2023\/09\/L-RedMotors.png\",\"width\":200,\"height\":48,\"caption\":\"Red Motors\"},\"image\":{\"@id\":\"https:\/\/portalnetsites.com\/bmwEcommerceWP\/#\/schema\/logo\/image\/\"}}]}<\/script>\n<!-- \/ Yoast SEO Premium plugin. -->","yoast_head_json":{"title":"LINTERNA LED RECARGABLE ORIGINAL MINI - Red Motors Shop","robots":{"index":"index","follow":"follow","max-snippet":"max-snippet:-1","max-image-preview":"max-image-preview:large","max-video-preview":"max-video-preview:-1"},"canonical":"https:\/\/portalnetsites.com\/bmwEcommerceWP\/carrito\/mini\/accesorios-mini\/linterna-led-recargable-original-mini\/","og_locale":"es_ES","og_type":"article","og_title":"LINTERNA LED RECARGABLE ORIGINAL MINI","og_description":"Este \u00e1rticulo esta disponible solamente por encargo, por favor solicitar informaci\u00f3n en el icono de WhatsApp de la derecha.","og_url":"https:\/\/portalnetsites.com\/bmwEcommerceWP\/carrito\/mini\/accesorios-mini\/linterna-led-recargable-original-mini\/","og_site_name":"Red Motors Shop","article_modified_time":"2024-02-28T00:10:12+00:00","og_image":[{"width":600,"height":600,"url":"https:\/\/portalnetsites.com\/bmwEcommerceWP\/wp-content\/uploads\/2023\/12\/Linterna-LED-Recargable-Original-Mini.png","type":"image\/png"}],"twitter_card":"summary_large_image","schema":{"@context":"https:\/\/schema.org","@graph":[{"@type":"WebPage","@id":"https:\/\/portalnetsites.com\/bmwEcommerceWP\/carrito\/mini\/accesorios-mini\/linterna-led-recargable-original-mini\/","url":"https:\/\/portalnetsites.com\/bmwEcommerceWP\/carrito\/mini\/accesorios-mini\/linterna-led-recargable-original-mini\/","name":"LINTERNA LED RECARGABLE ORIGINAL MINI - Red Motors Shop","isPartOf":{"@id":"https:\/\/portalnetsites.com\/bmwEcommerceWP\/#website"},"primaryImageOfPage":{"@id":"https:\/\/portalnetsites.com\/bmwEcommerceWP\/carrito\/mini\/accesorios-mini\/linterna-led-recargable-original-mini\/#primaryimage"},"image":{"@id":"https:\/\/portalnetsites.com\/bmwEcommerceWP\/carrito\/mini\/accesorios-mini\/linterna-led-recargable-original-mini\/#primaryimage"},"thumbnailUrl":"https:\/\/portalnetsites.com\/bmwEcommerceWP\/wp-content\/uploads\/2023\/12\/Linterna-LED-Recargable-Original-Mini.png","datePublished":"2023-12-03T06:00:56+00:00","dateModified":"2024-02-28T00:10:12+00:00","breadcrumb":{"@id":"https:\/\/portalnetsites.com\/bmwEcommerceWP\/carrito\/mini\/accesorios-mini\/linterna-led-recargable-original-mini\/#breadcrumb"},"inLanguage":"es-CR","potentialAction":[{"@type":"ReadAction","target":["https:\/\/portalnetsites.com\/bmwEcommerceWP\/carrito\/mini\/accesorios-mini\/linterna-led-recargable-original-mini\/"]}]},{"@type":"ImageObject","inLanguage":"es-CR","@id":"https:\/\/portalnetsites.com\/bmwEcommerceWP\/carrito\/mini\/accesorios-mini\/linterna-led-recargable-original-mini\/#primaryimage","url":"https:\/\/portalnetsites.com\/bmwEcommerceWP\/wp-content\/uploads\/2023\/12\/Linterna-LED-Recargable-Original-Mini.png","contentUrl":"https:\/\/portalnetsites.com\/bmwEcommerceWP\/wp-content\/uploads\/2023\/12\/Linterna-LED-Recargable-Original-Mini.png","width":600,"height":600,"caption":"Linterna-LED-Recargable-Original-Mini"},{"@type":"BreadcrumbList","@id":"https:\/\/portalnetsites.com\/bmwEcommerceWP\/carrito\/mini\/accesorios-mini\/linterna-led-recargable-original-mini\/#breadcrumb","itemListElement":[{"@type":"ListItem","position":1,"name":"Portada","item":"https:\/\/portalnetsites.com\/bmwEcommerceWP\/"},{"@type":"ListItem","position":2,"name":"Todos los Productos","item":"https:\/\/portalnetsites.com\/bmwEcommerceWP\/todos-los-productos\/"},{"@type":"ListItem","position":3,"name":"LINTERNA LED RECARGABLE ORIGINAL MINI"}]},{"@type":"WebSite","@id":"https:\/\/portalnetsites.com\/bmwEcommerceWP\/#website","url":"https:\/\/portalnetsites.com\/bmwEcommerceWP\/","name":"Shop Red Motors","description":"Costa Rica","publisher":{"@id":"https:\/\/portalnetsites.com\/bmwEcommerceWP\/#organization"},"potentialAction":[{"@type":"SearchAction","target":{"@type":"EntryPoint","urlTemplate":"https:\/\/portalnetsites.com\/bmwEcommerceWP\/?s={search_term_string}"},"query-input":"required name=search_term_string"}],"inLanguage":"es-CR"},{"@type":"Organization","@id":"https:\/\/portalnetsites.com\/bmwEcommerceWP\/#organization","name":"Red Motors","url":"https:\/\/portalnetsites.com\/bmwEcommerceWP\/","logo":{"@type":"ImageObject","inLanguage":"es-CR","@id":"https:\/\/portalnetsites.com\/bmwEcommerceWP\/#\/schema\/logo\/image\/","url":"https:\/\/portalnetsites.com\/bmwEcommerceWP\/wp-content\/uploads\/2023\/09\/L-RedMotors.png","contentUrl":"https:\/\/portalnetsites.com\/bmwEcommerceWP\/wp-content\/uploads\/2023\/09\/L-RedMotors.png","width":200,"height":48,"caption":"Red Motors"},"image":{"@id":"https:\/\/portalnetsites.com\/bmwEcommerceWP\/#\/schema\/logo\/image\/"}}]}},"_links":{"self":[{"href":"https:\/\/portalnetsites.com\/bmwEcommerceWP\/wp-json\/wp\/v2\/product\/35741","targetHints":{"allow":["GET"]}}],"collection":[{"href":"https:\/\/portalnetsites.com\/bmwEcommerceWP\/wp-json\/wp\/v2\/product"}],"about":[{"href":"https:\/\/portalnetsites.com\/bmwEcommerceWP\/wp-json\/wp\/v2\/types\/product"}],"replies":[{"embeddable":true,"href":"https:\/\/portalnetsites.com\/bmwEcommerceWP\/wp-json\/wp\/v2\/comments?post=35741"}],"wp:featuredmedia":[{"embeddable":true,"href":"https:\/\/portalnetsites.com\/bmwEcommerceWP\/wp-json\/wp\/v2\/media\/35743"}],"wp:attachment":[{"href":"https:\/\/portalnetsites.com\/bmwEcommerceWP\/wp-json\/wp\/v2\/media?parent=35741"}],"wp:term":[{"taxonomy":"product_brand","embeddable":true,"href":"https:\/\/portalnetsites.com\/bmwEcommerceWP\/wp-json\/wp\/v2\/product_brand?post=35741"},{"taxonomy":"product_cat","embeddable":true,"href":"https:\/\/portalnetsites.com\/bmwEcommerceWP\/wp-json\/wp\/v2\/product_cat?post=35741"},{"taxonomy":"product_tag","embeddable":true,"href":"https:\/\/portalnetsites.com\/bmwEcommerceWP\/wp-json\/wp\/v2\/product_tag?post=35741"}],"curies":[{"name":"wp","href":"https:\/\/api.w.org\/{rel}","templated":true}]}}

<p><span data-sheets-root="1" data-sheets-value="{&quot;1&quot;:2,&quot;2&quot;:&quot;Fuente de luz: LED de alto rendimiento\n Batería: Batería recargable de fosfato de hierro y litio. Recargable mediante enchufes de a bordo de 12 V.\n Durante el proceso de carga, detrás del cristal se enciende un pequeño LED azul. Cuando la batería está completamente cargada, este LED se apaga.\n Vida útil: 3000 ciclos de carga\n Brillo: más de 80 lúmenes\n Bajo consumo de energía: la lámpara se enciende con el brillo máximo durante al menos 30 minutos&quot;}" data-sheets-userformat="{&quot;2&quot;:15233,&quot;3&quot;:{&quot;1&quot;:0},&quot;10&quot;:2,&quot;11&quot;:0,&quot;12&quot;:0,&quot;14&quot;:{&quot;1&quot;:2,&quot;2&quot;:0},&quot;15&quot;:&quot;Calibri, sans-serif&quot;,&quot;16&quot;:11}">Fuente de luz: LED de alto rendimiento<br />
Batería: Batería recargable de fosfato de hierro y litio. Recargable mediante enchufes de a bordo de 12 V.<br />
Durante el proceso de carga, detrás del cristal se enciende un pequeño LED azul. Cuando la batería está completamente cargada, este LED se apaga.<br />
Vida útil: 3000 ciclos de carga<br />
Brillo: más de 80 lúmenes<br />
Bajo consumo de energía: la lámpara se enciende con el brillo máximo durante al menos 30 minutos</span></p>

<p><strong>Este árticulo esta disponible solamente por encargo, por favor solicitar información en el icono de WhatsApp de la derecha.</strong></p>

<!-- This site is optimized with the Yoast SEO Premium plugin v22.9 (Yoast SEO v23.3) - https://yoast.com/wordpress/plugins/seo/ -->
<title>LINTERNA LED RECARGABLE ORIGINAL MINI - Red Motors Shop</title>
<meta name="robots" content="index, follow, max-snippet:-1, max-image-preview:large, max-video-preview:-1" />
<link rel="canonical" href="https://portalnetsites.com/bmwEcommerceWP/carrito/mini/accesorios-mini/linterna-led-recargable-original-mini/" />
<meta property="og:locale" content="es_ES" />
<meta property="og:type" content="article" />
<meta property="og:title" content="LINTERNA LED RECARGABLE ORIGINAL MINI" />
<meta property="og:description" content="Este árticulo esta disponible solamente por encargo, por favor solicitar información en el icono de WhatsApp de la derecha." />
<meta property="og:url" content="https://portalnetsites.com/bmwEcommerceWP/carrito/mini/accesorios-mini/linterna-led-recargable-original-mini/" />
<meta property="og:site_name" content="Red Motors Shop" />
<meta property="article:modified_time" content="2024-02-28T00:10:12+00:00" />
<meta property="og:image" content="https://portalnetsites.com/bmwEcommerceWP/wp-content/uploads/2023/12/Linterna-LED-Recargable-Original-Mini.png" />
	<meta property="og:image:width" content="600" />
	<meta property="og:image:height" content="600" />
	<meta property="og:image:type" content="image/png" />
<meta name="twitter:card" content="summary_large_image" />
<script type="application/ld+json" class="yoast-schema-graph">{"@context":"https://schema.org","@graph":[{"@type":"WebPage","@id":"https://portalnetsites.com/bmwEcommerceWP/carrito/mini/accesorios-mini/linterna-led-recargable-original-mini/","url":"https://portalnetsites.com/bmwEcommerceWP/carrito/mini/accesorios-mini/linterna-led-recargable-original-mini/","name":"LINTERNA LED RECARGABLE ORIGINAL MINI - Red Motors Shop","isPartOf":{"@id":"https://portalnetsites.com/bmwEcommerceWP/#website"},"primaryImageOfPage":{"@id":"https://portalnetsites.com/bmwEcommerceWP/carrito/mini/accesorios-mini/linterna-led-recargable-original-mini/#primaryimage"},"image":{"@id":"https://portalnetsites.com/bmwEcommerceWP/carrito/mini/accesorios-mini/linterna-led-recargable-original-mini/#primaryimage"},"thumbnailUrl":"https://portalnetsites.com/bmwEcommerceWP/wp-content/uploads/2023/12/Linterna-LED-Recargable-Original-Mini.png","datePublished":"2023-12-03T06:00:56+00:00","dateModified":"2024-02-28T00:10:12+00:00","breadcrumb":{"@id":"https://portalnetsites.com/bmwEcommerceWP/carrito/mini/accesorios-mini/linterna-led-recargable-original-mini/#breadcrumb"},"inLanguage":"es-CR","potentialAction":[{"@type":"ReadAction","target":["https://portalnetsites.com/bmwEcommerceWP/carrito/mini/accesorios-mini/linterna-led-recargable-original-mini/"]}]},{"@type":"ImageObject","inLanguage":"es-CR","@id":"https://portalnetsites.com/bmwEcommerceWP/carrito/mini/accesorios-mini/linterna-led-recargable-original-mini/#primaryimage","url":"https://portalnetsites.com/bmwEcommerceWP/wp-content/uploads/2023/12/Linterna-LED-Recargable-Original-Mini.png","contentUrl":"https://portalnetsites.com/bmwEcommerceWP/wp-content/uploads/2023/12/Linterna-LED-Recargable-Original-Mini.png","width":600,"height":600,"caption":"Linterna-LED-Recargable-Original-Mini"},{"@type":"BreadcrumbList","@id":"https://portalnetsites.com/bmwEcommerceWP/carrito/mini/accesorios-mini/linterna-led-recargable-original-mini/#breadcrumb","itemListElement":[{"@type":"ListItem","position":1,"name":"Portada","item":"https://portalnetsites.com/bmwEcommerceWP/"},{"@type":"ListItem","position":2,"name":"Todos los Productos","item":"https://portalnetsites.com/bmwEcommerceWP/todos-los-productos/"},{"@type":"ListItem","position":3,"name":"LINTERNA LED RECARGABLE ORIGINAL MINI"}]},{"@type":"WebSite","@id":"https://portalnetsites.com/bmwEcommerceWP/#website","url":"https://portalnetsites.com/bmwEcommerceWP/","name":"Shop Red Motors","description":"Costa Rica","publisher":{"@id":"https://portalnetsites.com/bmwEcommerceWP/#organization"},"potentialAction":[{"@type":"SearchAction","target":{"@type":"EntryPoint","urlTemplate":"https://portalnetsites.com/bmwEcommerceWP/?s={search_term_string}"},"query-input":"required name=search_term_string"}],"inLanguage":"es-CR"},{"@type":"Organization","@id":"https://portalnetsites.com/bmwEcommerceWP/#organization","name":"Red Motors","url":"https://portalnetsites.com/bmwEcommerceWP/","logo":{"@type":"ImageObject","inLanguage":"es-CR","@id":"https://portalnetsites.com/bmwEcommerceWP/#/schema/logo/image/","url":"https://portalnetsites.com/bmwEcommerceWP/wp-content/uploads/2023/09/L-RedMotors.png","contentUrl":"https://portalnetsites.com/bmwEcommerceWP/wp-content/uploads/2023/09/L-RedMotors.png","width":200,"height":48,"caption":"Red Motors"},"image":{"@id":"https://portalnetsites.com/bmwEcommerceWP/#/schema/logo/image/"}}]}</script>
<!-- / Yoast SEO Premium plugin. -->

Este árticulo esta disponible solamente por encargo, por favor solicitar información en el icono de WhatsApp de la derecha.
